alculate the remainder when 1181 is divided by 18.
11
What is the remainder when 42779 is divided by 31?
30
Calculate the remainder when 734 is divided by 46.
44
What is the remainder when 773 is divided by 129?
128
What is the remainder when 8 is divided by 7?
1
What is the remainder when 3353 is divided by 84?
77
What is the remainder when 190 is divided by 41?
26
Calculate the remainder when 4120 is divided by 133.
130
Calculate the remainder when 900 is divided by 88.
20
What is the remainder when 36637 is divided by 160?
157
Calculate the remainder when 1985 is divided by 71.
68
What is the remainder when 48 is divided by 19?
10
What is the remainder when 145 is divided by 4?
1
Calculate the remainder when 255 is divided by 43.
40
Calculate the remainder when 1328 is divided by 6.
2
What is the remainder when 250 is divided by 6?
4
Calculate the remainder when 51 is divided by 23.
5
Calculate the remainder when 51 is divided by 41.
10
What is the remainder when 19 is divided by 3?
1
What is the remainder when 1440 is divided by 239?
6
Calculate the remainder when 50 is divided by 6.
2
What is the remainder when 21748 is divided by 150?
148
What is the remainder when 176 is divided by 89?
87
What is the remainder when 1091 is divided by 13?
12
What is the remainder when 523 is divided by 31?
27
Calculate the remainder when 1171 is divided by 28.
23
What is the remainder when 226 is divided by 33?
28
What is the remainder when 210 is divided by 108?
102
Calculate the remainder when 458 is divided by 160.
138
What is the remainder when 626 is divided by 192?
50
What is the remainder when 167 is divided by 3?
2
What is the remainder when 65 is divided by 34?
31
What is the remainder when 97 is divided by 17?
12
Calculate the remainder when 3035 is divided by 188.
27
What is the remainder when 53 is divided by 19?
15
Calculate the remainder when 354 is divided by 69.
9
What is the remainder when 40 is divided by 32?
8
What is the remainder when 249 is divided by 32?
25
What is the remainder when 1923 is divided by 107?
104
Calculate the remainder when 77 is divided by 65.
12
What is the remainder when 466 is divided by 457?
9
What is the remainder when 1670 is divided by 38?
36
What is the remainder when 1385 is divided by 139?
134
Calculate the remainder when 23389 is divided by 86.
83
What is the remainder when 1165 is divided by 571?
23
What is the remainder when 879 is divided by 10?
9
Calculate the remainder when 517 is divided by 173.
171
Calculate the remainder when 1283 is divided by 23.
18
Calculate the remainder when 749 is divided by 40.
29
What is the remainder when 483 is divided by 146?
45
Calculate the remainder when 12332 is divided by 14.
12
What is the remainder when 1868 is divided by 8?
4
Calculate the remainder when 69 is divided by 20.
9
What is the remainder when 409 is divided by 16?
9
What is the remainder when 130 is divided by 7?
4
What is the remainder when 10395 is divided by 46?
45
Calculate the remainder when 1005 is divided by 6.
3
Calculate the remainder when 510 is divided by 18.
6
Calculate the remainder when 899 is divided by 75.
74
What is the remainder when 284 is divided by 48?
44
What is the remainder when 222 is divided by 95?
32
What is the remainder when 886 is divided by 90?
76
What is the remainder when 344 is divided by 15?
14
What is the remainder when 2331 is divided by 389?
386
Calculate the remainder when 183 is divided by 93.
90
Calculate the remainder when 4808 is divided by 9.
2
Calculate the remainder when 905 is divided by 11.
3
What is the remainder when 1000 is divided by 986?
14
What is the remainder when 177 is divided by 26?
21
What is the remainder when 3734 is divided by 45?
44
Calculate the remainder when 306 is divided by 221.
85
Calculate the remainder when 389 is divided by 17.
15
Calculate the remainder when 242 is divided by 70.
32
What is the remainder when 84 is divided by 12?
0
Calculate the remainder when 501 is divided by 497.
4
What is the remainder when 342 is divided by 148?
46
What is the remainder when 1846 is divided by 66?
64
Calculate the remainder when 132 is divided by 45.
42
What is the remainder when 6613 is divided by 147?
145
What is the remainder when 1638 is divided by 21?
0
Calculate the remainder when 1073 is divided by 40.
33
Calculate the remainder when 2312 is divided by 578.
0
Calculate the remainder when 4467 is divided by 30.
27
What is the remainder when 681 is divided by 51?
18
Calculate the remainder when 283 is divided by 79.
46
What is the remainder when 9683 is divided by 29?
26
Calculate the remainder when 95 is divided by 20.
15
What is the remainder when 351 is divided by 37?
18
What is the remainder when 9798 is divided by 228?
222
Calculate the remainder when 254 is divided by 30.
14
What is the remainder when 536 is divided by 36?
32
Calculate the remainder when 837 is divided by 10.
7
Calculate the remainder when 2917 is divided by 13.
5
Calculate the remainder when 1913 is divided by 633.
14
What is the remainder when 70 is divided by 25?
20
What is the remainder when 1012 is divided by 101?
2
Calculate the remainder when 10 is divided by 5.
0
Calculate the remainder when 4701 is divided by 96.
93
Calculate the remainder when 52 is divided by 5.
2
What is the remainder when 131 is divided by 33?
32
Calculate the remainder when 1508 is divided by 84.
80
What is the remainder when 460 is divided by 14?
12
What is the remainder when 21 is divided by 15?
6
What is the remainder when 146 is divided by 99?
47
What is the remainder when 395 is divided by 50?
45
What is the remainder when 177 is divided by 42?
9
Calculate the remainder when 109 is divided by 8.
5
What is the remainder when 623 is divided by 163?
134
What is the remainder when 826 is divided by 23?
21
Calculate the remainder when 559 is divided by 22.
9
Calculate the remainder when 332 is divided by 118.
96
Calculate the remainder when 4197 is divided by 42.
39
What is the remainder when 73 is divided by 22?
7
What is the remainder when 6689 is divided by 239?
236
What is the remainder when 206 is divided by 55?
41
What is the remainder when 2258 is divided by 5?
3
Calculate the remainder when 6970 is divided by 32.
26
What is the remainder when 467 is divided by 7?
5
What is the remainder when 124 is divided by 10?
4
Calculate the remainder when 62 is divided by 38.
24
What is the remainder when 714 is divided by 354?
6
What is the remainder when 610 is divided by 84?
22
What is the remainder when 573 is divided by 209?
155
Calculate the remainder when 1208 is divided by 32.
24
What is the remainder when 558 is divided by 187?
184
Calculate the remainder when 168 is divided by 56.
0
Calculate the remainder when 773 is divided by 78.
71
Calculate the remainder when 372 is divided by 2.
0
Calculate the remainder when 53 is divided by 7.
4
Calculate the remainder when 237 is divided by 23.
7
What is the remainder when 477 is divided by 15?
12
Calculate the remainder when 233 is divided by 62.
47
What is the remainder when 302 is divided by 95?
17
Calculate the remainder when 1022 is divided by 439.
144
Calculate the remainder when 188 is divided by 64.
60
Calculate the remainder when 119 is divided by 42.
35
What is the remainder when 736 is divided by 31?
23
What is the remainder when 358 is divided by 109?
31
Calculate the remainder when 1384 is divided by 42.
40
What is the remainder when 191 is divided by 5?
1
What is the remainder when 580 is divided by 11?
8
What is the remainder when 210 is divided by 13?
2
Calculate the remainder when 569 is divided by 19.
18
What is the remainder when 339 is divided by 87?
78
Calculate the remainder when 230 is divided by 26.
22
Calculate the remainder when 2273 is divided by 1090.
93
Calculate the remainder when 96 is divided by 25.
21
Calculate the remainder when 233 is divided by 17.
12
Calculate the remainder when 981 is divided by 8.
5
What is the remainder when 460 is divided by 53?
36
What is the remainder when 581 is divided by 114?
11
What is the remainder when 148 is divided by 33?
16
What is the remainder when 4725 is divided by 8?
5
What is the remainder when 435 is divided by 113?
96
Calculate the remainder when 162 is